
What is the thousands digit of 525421?
5
What is the thousands digit of 37526?
7
What is the ten thousands digit of 29595832?
9
What is the units digit of 687584?
4
What is the tens digit of 1879513?
1
What is the tens digit of 84291?
9
What is the hundred thousands digit of 132405?
1
What is the thousands digit of 133027?
3
What is the thousands digit of 221387?
1
What is the tens digit of 4528634?
3
What is the thousands digit of 6490091?
0
What is the units digit of 30591939?
9
What is the millions digit of 7425809?
7
What is the units digit of 55998?
8
What is the hundred thousands digit of 22422307?
4
What is the thousands digit of 571276?
1
What is the millions digit of 2145731?
2
What is the thousands digit of 6667048?
7
What is the thousands digit of 1554537?
4
What is the ten thousands digit of 267208?
6
What is the tens digit of 11424?
2
What is the units digit of 1356320?
0
What is the thousands digit of 9738603?
8
What is the tens digit of 2413961?
6
What is the millions digit of 10542063?
0
What is the millions digit of 13316170?
3
What is the millions digit of 1590631?
1
What is the ten thousands digit of 8911268?
1
What is the hundred thousands digit of 3081597?
0
What is the thousands digit of 634027?
4
What is the ten millions digit of 26070252?
2
What is the ten thousands digit of 328865?
2
What is the units digit of 375755?
5
What is the ten millions digit of 11209860?
1
What is the hundreds digit of 250201?
2
What is the units digit of 7870834?
4
What is the hundreds digit of 125292?
2
What is the hundred thousands digit of 8088316?
0
What is the units digit of 123141?
1
What is the hundreds digit of 471463?
4
What is the millions digit of 1007773?
1
What is the tens digit of 519965?
6
What is the hundred thousands digit of 831338?
8
What is the tens digit of 3721305?
0
What is the hundred thousands digit of 6663834?
6
What is the thousands digit of 393477?
3
What is the tens digit of 1174313?
1
What is the thousands digit of 987405?
7
What is the ten millions digit of 12520943?
1
What is the units digit of 732020?
0
What is the hundreds digit of 5643793?
7
What is the hundreds digit of 1095747?
7
What is the thousands digit of 126362?
6
What is the hundreds digit of 16970486?
4
What is the units digit of 45514?
4
What is the hundreds digit of 66895?
8
What is the ten thousands digit of 21138335?
3
What is the ten thousands digit of 20518079?
1
What is the ten thousands digit of 581362?
8
What is the thousands digit of 130024?
0
What is the ten thousands digit of 1674316?
7
What is the ten thousands digit of 9974271?
7
What is the ten thousands digit of 76897?
7
What is the hundred thousands digit of 14868270?
8
What is the ten thousands digit of 119718?
1
What is the tens digit of 310307?
0
What is the hundreds digit of 398992?
9
What is the hundreds digit of 1331179?
1
What is the ten thousands digit of 11627549?
2
What is the units digit of 751312?
2
What is the ten thousands digit of 471494?
7
What is the thousands digit of 3394062?
4
What is the ten thousands digit of 46205?
4
What is the hundreds digit of 3149190?
1
What is the hundred thousands digit of 9868208?
8
What is the tens digit of 481565?
6
What is the hundreds digit of 1702360?
3
What is the units digit of 731279?
9
What is the hundreds digit of 625885?
8
What is the millions digit of 3095310?
3
What is the thousands digit of 273119?
3
What is the units digit of 186045?
5
What is the thousands digit of 24484868?
4
What is the millions digit of 2022217?
2
What is the units digit of 321869?
9
What is the units digit of 6492784?
4
What is the millions digit of 1253714?
1
What is the hundred thousands digit of 8780822?
7
What is the tens digit of 1180157?
5
What is the thousands digit of 97728?
7
What is the hundred thousands digit of 995063?
9
What is the thousands digit of 95902?
5
What is the millions digit of 1596136?
1
What is the hundreds digit of 7617135?
1
What is the ten thousands digit of 946204?
4
What is the units digit of 931377?
7
What is the ten thousands digit of 205694?
0
What is the hundred thousands digit of 10042174?
0
What is the thousands digit of 43435?
3
What is the millions digit of 1396370?
1
What is the units digit of 1883833?
3
What is the millions digit of 6373516?
6
What is the hundred thousands digit of 9472917?
4
What is the tens digit of 644226?
2
What is the thousands digit of 411823?
1
What is the ten thousands digit of 763854?
6
What is the ten thousands digit of 16923047?
2
What is the thousands digit of 229090?
9
What is the hundreds digit of 2668283?
2
What is the hundreds digit of 112977?
9
What is the thousands digit of 186282?
6
What is the units digit of 164628?
8
What is the tens digit of 336740?
4
What is the units digit of 1247299?
9
What is the units digit of 3930327?
7
What is the hundred thousands digit of 11526820?
5
What is the ten millions digit of 23170798?
2
What is the units digit of 714288?
8
What is the hundreds digit of 567646?
6
What is the hundreds digit of 15775036?
0
What is the tens digit of 34848?
4
What is the thousands digit of 55321?
5
What is the thousands digit of 243384?
3
What is the tens digit of 17757858?
5
What is the thousands digit of 5475806?
5
What is the ten thousands digit of 35773?
3
What is the tens digit of 141571?
7
What is the ten thousands digit of 383920?
8
What is the hundreds digit of 200307?
3
What is the tens digit of 9600144?
4
What is the millions digit of 4681558?
4
What is the millions digit of 1225293?
1
What is the thousands digit of 4760159?
0
What is the ten thousands digit of 4829408?
2
What is the hundred thousands digit of 2464636?
4
What is the hundreds digit of 419513?
5
What is the ten thousands digit of 2419628?
1
What is the thousands digit of 1121997?
1
What is the millions digit of 4376140?
4
What is the hundred thousands digit of 3659574?
6
What is the millions digit of 15343134?
5
What is the tens digit of 167564?
6
What is the ten thousands digit of 629724?
2
What is the hundreds digit of 3466011?
0
What is the tens digit of 195149?
4
What is the tens digit of 16120536?
3
What is the hundred thousands digit of 1077623?
0
What is the thousands digit of 247419?
7
What is the ten thousands digit of 375175?
7
What is the hundred thousands digit of 1009087?
0
What is the tens digit of 14117312?
1
What is the thousands digit of 33174?
3
What is the ten thousands digit of 241837?
4
What is the hundred thousands digit of 6458285?
4
What is the tens digit of 1278408?
0
What is the hundreds digit of 359414?
4
What is the thousands digit of 48518?
8
What is the tens digit of 254729?
2
What is the units digit of 263668?
8
What is the ten thousands digit of 231803?
3
What is the hundreds digit of 563647?
6
What is the units digit of 261131?
1
What is the hundreds digit of 3164104?
1
What is the ten millions digit of 22998677?
2
What is the tens digit of 3038813?
1
What is the ten thousands digit of 4076757?
7
What is the ten thousands digit of 13118?
1
What is the tens digit of 19870407?
0
What is the thousands digit of 1959653?
9
What is the units digit of 291628?
8
What is the units digit of 1526927?
7
What is the ten thousands digit of 2083956?
8
What is the ten thousands digit of 27201279?
0
What is the hundreds digit of 2457738?
7
What is the hundreds digit of 627194?
1
What is the tens digit of 3930878?
7
What is the hundred thousands digit of 24551293?
5
What is the hundreds digit of 564743?
7
What is the hundred thousands digit of 482931?
4
What is the ten thousands digit of 4708727?
0
What is the tens digit of 474172?
7
What is the hundreds digit of 591482?
4
What is the units digit of 111620?
0
What is the hundreds digit of 2289653?
6
What is the thousands digit of 49771?
9
What is the units digit of 23757772?
2
What is the tens digit of 16651054?
5
What is the units digit of 16338402?
2
What is the thousands digit of 553036?
3
What is the hundred thousands digit of 306943?
3
What is the ten thousands digit of 1973168?
7
What is the hundred thousands digit of 182468?
1
What is the hundreds digit of 10405217?
2
What is the thousands digit of 2405349?
5
What is the thousands digit of 1224518?
4
What is the units digit of 1759599?
9
What is the hundre